 - f = 2*n - 18, 16 = f + 4*n. Suppose 54 = f*l - l. Let z = l + -11. What is the greatest common divisor of 35 and z?
7
Suppose c - 3*n + 6 = 0, -5*c + 0*n + 25 = -4*n. Let u be 1/4 + (-790)/(-8). Calculate the greatest common divisor of c and u.
9
Let c(q) = -3*q**2 - 4*q - 2. Let b be c(-2). Let y be -1*(b/2 - 4). What is the greatest common factor of y and 77?
7
Let l be ((-4)/3)/(4/(-102)). Let u = -139 + 224. Calculate the highest common divisor of u and l.
17
Let v be -3 + -1*(-2)/1*3. Calculate the highest common divisor of v and 24.
3
Let o = 0 - -1. Suppose 0 = -4*m - q - q, -q = 4. Let f be 9 - 0/(m/(-2)). Calculate the highest common factor of o and f.
1
Let x = 82 - 72. What is the greatest common factor of 30 and x?
10
Suppose 4*n - 206 = 130. Suppose -5*j + 3*j + 5*c = -17, -3*c = -15. Calculate the highest common factor of n and j.
21
Suppose -5 + 21 = 4*m. Suppose -k = m - 6. Suppose 5*f = -4*q + 64, f - q + 5*q = 0. What is the greatest common divisor of k and f?
2
Let l(h) = 21*h + 7. Let m be l(5). Let v = -9 - -23. What is the highest common factor of v and m?
14
Let f = 2 - -12. Calculate the greatest common divisor of 35 and f.
7
Suppose 18*p + 48 = 336. What is the highest common divisor of p and 144?
16
Suppose 0 = 4*z + 4, -15 - 8 = -m + 3*z. What is the greatest common factor of 40 and m?
20
Suppose -2*p + 2*x + 48 = -0*p, -4*x = -3*p + 68. What is the highest common divisor of p and 4?
4
Let q be (-20)/(-6) + (-2)/(-3). Suppose -q*z = -0*z - 320. What is the greatest common factor of 8 and z?
8
Let k be (-21)/(-2) + (-2)/4. What is the highest common divisor of 30 and k?
10
Let u be ((-108)/20 + 3)*85/(-2). Calculate the highest common divisor of 6 and u.
6
Let m(o) = -o + 72. Let p be m(0). Suppose -4*l + 104 = -p. Let v = -1 - -12. Calculate the highest common factor of l and v.
11
Let j be (2 - (-6)/(-9))*(-555)/(-10). Calculate the highest common factor of j and 111.
37
Let x = 175 - 85. Suppose 2*q + x = 4*q. Suppose h + 2*t - 12 = 0, -t + 6*t - q = -4*h. What is the greatest common factor of h and 110?
10
Let m be (-4)/((-4)/41) + -3. Suppose 3*f + i + 0*i = m, -4*f + i = -53. Calculate the greatest common divisor of f and 13.
13
Suppose z = -4*m, -z - 2*m + 10 = 4. Suppose -4*g + 14 = o, g + 34 = o - 0. What is the greatest common factor of o and z?
6
Suppose -p + 4 + 2 = 0. Suppose p = 3*d + m - 5*m, -2*d + m + 4 = 0. Let g be 12/(-3)*d/(-8). Calculate the greatest common divisor of 6 and g.
1
Let j(y) = 60*y**2 - 8*y + 3. Let v(f) = 20*f**2 - 3*f + 1. Let g(u) = 3*j(u) - 8*v(u). Let s be g(-1). Calculate the highest common divisor of s and 14.
7
Let b(o) = o**2 - 4*o + 5. Let h be b(5). Let r = h - 18. Let i(d) = d**3 + 8*d**2 + d + 9. Let l be i(r). What is the greatest common divisor of l and 8?
1
Let n(y) = y**2 - y + 3. Let a be n(3). Let r = a - 1. Calculate the greatest common divisor of r and 56.
8
Suppose 2 = -i + 3*t + 2*t, -2*t = -i - 11. Let o = i + 42. Let x = o + -9. Calculate the greatest common divisor of x and 48.
16
Let z = -21 - -54. Suppose 4*x = x + z. Let n = -11 - -132. Calculate the greatest common factor of n and x.
11
Suppose 11*n - 36 = 7*n. What is the greatest common divisor of 1 and n?
1
Let p(r) = -5*r - 3. Let a = 3 + 3. Let w be (-14)/4 + 3/a. Let q be p(w). Calculate the greatest common divisor of q and 4.
4
Let z(p) = p**3 - 2*p**2 - 8*p - 5. Let j be z(5). Calculate the highest common divisor of j and 75.
15
Let w = 144 - 96. What is the greatest common factor of w and 12?
12
Let x(c) = c**2 - 6*c + 7. Let j be x(-5). Let z be 1*(-2 - j/(-1)). Suppose -l + 15 = -0*l. What is the highest common factor of l and z?
15
Let b be ((-1)/2 - 0)*-2. Suppose 5*k = -25, 3*o - 2 = -6*k + k. Let p = o + -8. Calculate the highest common factor of b and p.
1
Suppose 2*a + 0*a = 60. Calculate the greatest common factor of 75 and a.
15
Suppose 0*z = 5*y - 2*z - 280, -y - 5*z = -29. Calculate the greatest common divisor of 36 and y.
18
Let a(q) = -6*q + 8. Let v be a(-2). Calculate the highest common divisor of v and 4.
4
Suppose -3 - 7 = -t. Let i be (-2)/8 + (-1)/(-4). Suppose -w + i = -4*d + 102, -5*d + 119 = 3*w. Calculate the highest common divisor of t and d.
5
Let j be (-7)/((-63)/150)*3. Let z = -34 + j. Suppose -60 = -2*t + 4*s, -2*s + 135 = 4*t - 7*s. What is the highest common factor of z and t?
8
Suppose 9*q - 6*q - 243 = 0. What is the highest common divisor of 9 and q?
9
Let z(m) = -6*m. Let q be z(-5). Let n(b) = b**2 + 5*b. Let y be n(-6). Calculate the highest common divisor of y and q.
6
Let v = -19 - -38. Let h(g) = -g**3 + 6*g**2 - 2*g + 1. Let k be h(6). Let p = k + v. What is the highest common factor of p and 32?
8
Let z be ((-1)/(-1) - 3) + 32. What is the greatest common divisor of z and 330?
30
Let l(i) = i**3 - 7*i**2 - 8*i + 9. Let q be l(8). What is the greatest common divisor of q and 45?
9
Suppose 697 = 12*t - 3791. Calculate the greatest common factor of t and 34.
34
Let q be 4/(-6) + (-195)/(-9). Calculate the highest common factor of q and 189.
21
Let m be (1 + 1)*(-14)/(-4). Let w be (165/30)/((-1)/(-14)). What is the highest common divisor of w and m?
7
Suppose -60 = -o - 4*p, 5*o + p + 245 = 8*o. What is the highest common divisor of 16 and o?
16
Let l(d) = 8*d - 3. Let v(j) = 9*j - 2. Let y(b) = -4*l(b) + 5*v(b). Let n = 8 - 4. Let h be y(n). What is the highest common divisor of 6 and h?
6
Suppose 0 = 5*d - r, -4*r + 11 = 2*d - 11. Calculate the highest common divisor of 8 and d.
1
Suppose u - 5*u = -20. Suppose d = -u*f + 104, d + 2*f - 141 = -37. Calculate the greatest common factor of 13 and d.
13
Let s(f) = f + 4. Let y be s(3). Suppose -141 = 4*g - 3*r, -g - 2*r + 0*r = 49. Let i = g - -74. Calculate the highest common divisor of i and y.
7
Let h(j) = 6*j + 3. Suppose 0*c + 16 = 4*c. Let m be h(c). Calculate the greatest common factor of 3 and m.
3
Let k(c) = c - 6. Let x be k(6). Suppose -b - 3*b = x. Let i be 2 - (b + 1 + -8). What is the highest common divisor of 3 and i?
3
Suppose f - 200 = -46. Calculate the highest common factor of 22 and f.
22
Suppose -i + 5*w = -6, w = -4*i + 15 + 72. Let l = 34 - i. Calculate the highest common factor of 13 and l.
13
Let b be 38/4 - (-2)/(-4). Calculate the greatest common factor of 27 and b.
9
Let u(k) = 5*k - 7. Let a be u(4). Let y = 49 - a. What is the highest common factor of 24 and y?
12
Let q(p) = 16*p - 48. Let w be q(7). Calculate the greatest common factor of w and 24.
8
Suppose 0 = -6*i - i + 105. Calculate the highest common factor of i and 135.
15
Let d = -1 + 3. Suppose d*u - 6 = 28. What is the greatest common divisor of u and 34?
17
Suppose -8 = 7*x - 8*x. What is the highest common divisor of x and 64?
8
Suppose 11*m - 12*m = -7. What is the greatest common divisor of m and 42?
7
Let j = 18 - 13. Suppose -a = j*i - 52, a - 6 = -i + 6. Calculate the greatest common factor of i and 10.
10
Suppose 10*o - 16 = 9*o. Calculate the highest common factor of o and 2.
2
Let d = 64 + -43. Calculate the greatest common divisor of d and 231.
21
Suppose 6*g + g = 49. Calculate the greatest common divisor of g and 28.
7
Let r be (-1)/(3/(-9))*2. Let d = r - 8. Let l be (3 - -1)*(d - -4). What is the highest common factor of l and 56?
8
Suppose 2*d = -12 - 0. Let v be (-244)/d - 4/6. What is the greatest common factor of v and 5?
5
Let i be (-1)/((0 - -1) + -2). Let j = i + 2. Calculate the greatest common divisor of 21 and j.
3
Let t(o) = -o**3 + 7*o**2 - o + 14. Let f be t(7). What is the greatest common factor of f and 14?
7
Suppose l = -0*l + 108. Suppose -z = -2*z + l. Calculate the highest common factor of z and 12.
12
Suppose 0*x = -5*x. Let l be 0 + -1 + x + 10. Let y(q) = q + 19. Let r be y(-10). What is the greatest common factor of r and l?
9
Let t be (62/(-4))/(2/4). Let z = -154 - t. Let l = 97 - z. What is the highest common factor of l and 20?
20
Suppose -b - 3*b = -12. Let a(n) = 2*n**3 - n**2 - 5*n + 3. Let v be a(b). Calculate the greatest common factor of 11 and v.
11
Suppose u + 0*u - 108 = 0. Let x = 4 - -8. Calculate the highest common factor of u and x.
12
Let a be (1/2)/((-7)/42). Let t(g) = 2*g**2 - g - 7. Let i be t(a). Calculate the highest common divisor of i and 7.
7
Let